nits digit of 55110?
0
What is the units digit of 477352?
2
What is the units digit of 7570898?
8
What is the hundreds digit of 304128?
1
What is the ten thousands digit of 1473531?
7
What is the units digit of 232774?
4
What is the hundreds digit of 52932?
9
What is the hundred thousands digit of 307277?
3
What is the tens digit of 7166326?
2
What is the millions digit of 2303545?
2
What is the millions digit of 13196617?
3
What is the thousands digit of 8942159?
2
What is the units digit of 294357?
7
What is the thousands digit of 81637?
1
What is the hundreds digit of 265581?
5
What is the ten thousands digit of 1316606?
1
What is the ten thousands digit of 4383945?
8
What is the tens digit of 1564129?
2
What is the thousands digit of 37794?
7
What is the hundred thousands digit of 1861746?
8
What is the thousands digit of 256877?
6
What is the hundreds digit of 45869?
8
What is the tens digit of 5237205?
0
What is the tens digit of 2666651?
5
What is the units digit of 371075?
5
What is the units digit of 597833?
3
What is the units digit of 15843969?
9
What is the units digit of 446419?
9
What is the hundred thousands digit of 11646265?
6
What is the thousands digit of 1148455?
8
What is the tens digit of 81092?
9
What is the tens digit of 9459346?
4
What is the tens digit of 1188351?
5
What is the hundreds digit of 2615747?
7
What is the hundreds digit of 3069740?
7
What is the ten thousands digit of 4778230?
7
What is the hundred thousands digit of 250261?
2
What is the units digit of 931074?
4
What is the millions digit of 1498951?
1
What is the hundred thousands digit of 19527354?
5
What is the units digit of 12820240?
0
What is the millions digit of 2954170?
2
What is the units digit of 524172?
2
What is the thousands digit of 12882273?
2
What is the units digit of 902898?
8
What is the ten thousands digit of 24416774?
1
What is the hundreds digit of 276170?
1
What is the millions digit of 4090133?
4
What is the millions digit of 7806460?
7
What is the hundred thousands digit of 147208?
1
What is the units digit of 439865?
5
What is the thousands digit of 66008?
6
What is the thousands digit of 977282?
7
What is the hundreds digit of 860866?
8
What is the ten thousands digit of 278019?
7
What is the thousands digit of 7175908?
5
What is the hundreds digit of 2189920?
9
What is the hundred thousands digit of 3897276?
8
What is the thousands digit of 4579805?
9
What is the tens digit of 2774?
7
What is the units digit of 1576452?
2
What is the hundreds digit of 2196881?
8
What is the millions digit of 4677158?
4
What is the hundred thousands digit of 10856950?
8
What is the tens digit of 593887?
8
What is the hundreds digit of 322745?
7
What is the tens digit of 694196?
9
What is the tens digit of 2234997?
9
What is the units digit of 724279?
9
What is the thousands digit of 3492463?
2
What is the millions digit of 7319312?
7
What is the hundreds digit of 1012065?
0
What is the ten thousands digit of 49174?
4
What is the thousands digit of 11128383?
8
What is the units digit of 2204206?
6
What is the units digit of 1603614?
4
What is the thousands digit of 545529?
5
What is the tens digit of 5288400?
0
What is the hundred thousands digit of 13269715?
2
What is the thousands digit of 1136977?
6
What is the tens digit of 4316722?
2
What is the hundred thousands digit of 17222486?
2
What is the tens digit of 3383689?
8
What is the ten thousands digit of 16607034?
0
What is the units digit of 162428?
8
What is the hundreds digit of 4721011?
0
What is the hundreds digit of 369519?
5
What is the tens digit of 7265034?
3
What is the tens digit of 174733?
3
What is the thousands digit of 9902655?
2
What is the hundreds digit of 5324980?
9
What is the hundreds digit of 898765?
7
What is the ten thousands digit of 2076803?
7
What is the millions digit of 37994316?
7
What is the ten thousands digit of 47415?
4
What is the thousands digit of 58897?
8
What is the hundreds digit of 5938?
9
What is the units digit of 966731?
1
What is the units digit of 138332?
2
What is the hundreds digit of 231387?
3
What is the hundred thousands digit of 593744?
5
What is the thousands digit of 6587?
6
What is the tens digit of 685464?
6
What is the hundred thousands digit of 1574189?
5
What is the units digit of 10167208?
8
What is the millions digit of 4130818?
4
What is the tens digit of 103309?
0
What is the hundreds digit of 925716?
7
What is the tens digit of 15426422?
2
What is the hundreds digit of 1891889?
8
What is the hundred thousands digit of 2123760?
1
What is the ten thousands digit of 1008023?
0
What is the thousands digit of 3179100?
9
What is the hundred thousands digit of 8219389?
2
What is the hundreds digit of 1423038?
0
What is the tens digit of 13540?
4
What is the thousands digit of 3798717?
8
What is the units digit of 6315991?
1
What is the hundred thousands digit of 1971802?
9
What is the hundreds digit of 6639721?
7
What is the tens digit of 2746838?
3
What is the hundreds digit of 10504198?
1
What is the tens digit of 6528030?
3
What is the millions digit of 2347104?
2
What is the tens digit of 1502333?
3
What is the millions digit of 2495113?
2
What is the thousands digit of 1332498?
2
What is the units digit of 31319163?
3
What is the hundreds digit of 158828?
8
What is the millions digit of 2685761?
2
What is the tens digit of 647440?
4
What is the tens digit of 21726208?
0
What is the hundreds digit of 2489059?
0
What is the units digit of 4204822?
2
What is the tens digit of 3550322?
2
What is the ten thousands digit of 79991?
7
What is the units digit of 4573435?
5
What is the units digit of 4029235?
5
What is the millions digit of 5180260?
5
What is the units digit of 7908601?
1
What is the thousands digit of 2925656?
5
What is the units digit of 188992?
2
What is the thousands digit of 79612?
9
What is the hundreds digit of 711101?
1
What is the thousands digit of 1816256?
6
What is the thousands digit of 446987?
6
What is the hundreds digit of 92818?
8
What is the ten thousands digit of 11237104?
3
What is the hundred thousands digit of 218827?
2
What is the ten thousands digit of 1485759?
8
What is the hundred thousands digit of 17555091?
5
What is the units digit of 3422957?
7
What is the hundred thousands digit of 24078032?
0
What is the units digit of 695733?
3
What is the thousands digit of 37166?
7
What is the tens digit of 5663883?
8
What is the ten thousands digit of 315089?
1
What is the hundreds digit of 1051099?
0
What is the hundreds digit of 15867293?
2
What is the units digit of 893310?
0
What is the hundreds digit of 185630?
6
What is the units digit of 622227?
7
What is the hundred thousands digit of 554317?
5
What is the tens digit of 1149633?
3
What is the millions digit of 1273286?
1
What is the units digit of 437492?
2
What is the hundreds digit of 3847599?
5
What is the tens digit of 335661?
6
What is the hundreds digit of 98695?
6
What is the units digit of 11529279?
9
What is the hundred thousands digit of 681611?
6
What is the ten thousands digit of 89406?
8
What is the hundred thousands digit of 3836355?
8
What is the tens digit of 50117?
1
What is the units digit of 35327994?
4
What is the units digit of 1008818?
8
What is the millions digit of 2438900?
2
What is the hundred thousands digit of 543886?
5
What is the thousands digit of 4823886?
3
What is the hundred thousands digit of 2626965?
6
What is the units digit of 229920?
0
What is the hundreds digit of 2235630?
6
What is the tens digit of 34287190?
9
What is the hundred thousands digit of 873426?
8
What is the hundreds digit of 3083522?
5
What is the hundreds digit of 118215?
2
What is the thousands digit of 570619?
0
What is the units digit of 251797?
7
What is the thousands digit of 9422664?
2
What is the tens digit of 87721?
2
What is the ten thousands digit of 12204042?
0
What is the tens digit of 17943076?
7
What is the ten thousands digit of 540491?
4
What is the units digit of 1881970?
0
What is the hundred thousands digit of 600879?
6
What is the tens digit of 128575?
7
What is the units digit of 41605?
5
What is the hundreds digit of 501381?
3
What is the ten thousands digit of 12013511?
1
What is the hundred thousands digit of 48